v = -v - i. Let r = -9 + v. What is the units digit of r?
4
Suppose 0*i = 2*i + 12. Let q(u) = -u**3 - 6*u**2 + u + 4. Let j be q(i). What is the units digit of 1/j + (-18)/(-12)?
1
Let v = 168 - 0. What is the units digit of v?
8
Suppose -10 = -5*c - 4*p + 6*p, -p = -3*c + 6. Let z(o) = -o + 0 + c - 6 - 2. What is the units digit of z(-8)?
2
Let w(r) = r**3 + 2*r**2 - 3*r. Let j be w(-3). Let q be (j*(-2)/6)/1. Suppose 3*h - 4*h + 5 = q. What is the units digit of h?
5
Let y be (-60)/(-14) + (-4)/14. Let t(h) = h**3 - 3*h**2 - 2*h - 4. Let w be t(y). Suppose w = -2*p + 14, -4*r + 5*p = 21. What is the units digit of r?
1
Let q be (3/(-3))/((-1)/3). Let j be ((-26 - -3) + q)/(-1). Let a = j + -7. What is the units digit of a?
3
Suppose 10 = -n + 3*g, 4*n + 5*g - 56 + 11 = 0. Suppose -2 = 2*r + n*d, -4*r - r = 3*d + 43. Let w = r - -15. What is the units digit of w?
4
Let m be (30/(-2))/((-9)/6). Let c = -7 + m. What is the units digit of c?
3
Suppose 0 = -5*j + 3*b - 5*b + 30, 5*j - 4*b = 60. Let y = j + 0. Suppose -2 = -5*v + y. What is the units digit of v?
2
Suppose y = 4*f + 1, -3*y - 48 = f + 4*f. Let i = y + 13. What is the units digit of i?
2
Let j = -14 - -31. What is the units digit of j?
7
Let q(t) = t**3 + 3*t**2. Let m be q(-2). Suppose -3*f + 4*f = 0. Suppose f = 3*c - m*c + 1. What is the units digit of c?
1
Let a(h) = 3*h - 3. Let i(x) = -13*x + 11. Let q(l) = 9*a(l) + 2*i(l). Let s be q(7). Suppose -4*m = -4, -4*m = -s*d - m + 3. What is the units digit of d?
3
Suppose 3*w + 33 = 5*w - 5*j, 2*w + 4*j - 6 = 0. What is the tens digit of w/15 + (-214)/(-10)?
2
Let q(j) = -j**3 - 7*j**2 - 13*j - 12. What is the tens digit of q(-7)?
7
Let f(u) = -3*u**2 - 4*u - 3. Let h be f(-2). Let p = -20 - h. Let i = 23 + p. What is the units digit of i?
0
Suppose 0 = -2*r - 0 - 26. Let x = 2 - r. What is the units digit of x?
5
Let b(p) = -p**3 + 7*p**2 - 4*p - 5. Let y be b(6). Suppose -j - 4*x + 4 = 0, -5*j - 14 - 2 = 2*x. Let s = y + j. What is the units digit of s?
3
Suppose -2*u + 23 = -15. What is the units digit of u?
9
Let x be (-2)/(-11) + 8811/121. Let w = x - 40. What is the units digit of w?
3
Suppose 0 = -3*k + 4*y + 6, y + 2*y = -4*k + 8. What is the units digit of k/2*4/2?
2
Let s be 3/(-2 - 62/(-28)). What is the tens digit of -6*3/(-6) + s?
1
Let i(s) = s**2 - 10. Let n be i(0). Let m be -5*(1 + 26/n). Suppose 0 = 4*h - 3*h - m. What is the units digit of h?
8
Let c = 0 + 0. Suppose -2*t + i + 19 = c, -5*t + 2*i + 30 = -20. What is the tens digit of t?
1
Let h be (2 - -2*1)/2. Suppose h*q + 2 = -6. Let n = 7 + q. What is the units digit of n?
3
Let r = 71 + -43. What is the units digit of r?
8
Let v be -2 - -1 - (8 + -21). Let y be (40/v)/(2/3). Let j(l) = -l**2 + 6*l + 7. What is the tens digit of j(y)?
1
Suppose 4*y = 2*y + 20. Let w(k) = k**2 + 6*k + 5. Let b be w(-6). Let n = y - b. What is the units digit of n?
5
Let w(m) = m**3 - m**2 + 21. Let s(c) = c**2 - 5*c + 4. Let b be s(4). Let n be w(b). Suppose n = 2*t + 5. What is the units digit of t?
8
Suppose 0 = 4*u - 5*h - 28, -4*h = 4*u - 3*h - 52. What is the tens digit of u?
1
Let v(c) = c**2 + 3*c + 1. Let p(z) = z**3 - 6*z**2 + 7*z - 6. Let f be p(5). What is the tens digit of v(f)?
2
Let b(p) = p**2 + 7*p - 1. Let h be b(-7). What is the units digit of h/(-1*2/14)?
7
Suppose 9 = -3*q + 3*x, -5*q = -3*q + 4*x + 24. Let v = 14 + q. What is the units digit of v?
8
Let q(u) = 1 - 7*u - 18*u**3 - 4*u + 8*u. Let h(x) = -x**3 + x. Let p(f) = -2*h(f) - q(f). What is the units digit of p(1)?
0
Let u(b) = -2*b - b - 8 + b. Suppose 2*h = -0*j + 3*j + 27, -j - 5*h = -8. What is the units digit of u(j)?
6
Suppose -2*h + 45 = 7. What is the units digit of h?
9
Suppose 357 = 2*z + 49. Let c = -104 + z. Suppose c = 5*j - 55. What is the tens digit of j?
2
Let c(w) = 2*w + 29. What is the units digit of c(-10)?
9
Suppose 5*n - q - 45 = 0, -n = 4*n + 4*q - 70. What is the tens digit of n?
1
Let v be (-33)/(-55) - (-24)/10. What is the units digit of 4/(v*(-6)/(-9))?
2
Suppose -6*m = -m + 20. What is the units digit of (-19)/(-7) + m/(-14)?
3
Suppose -16 = k + 5*n, 3 = 2*k + k - 2*n. Let b = 2 - k. Suppose 0 = -b*j - 2*j + 25. What is the units digit of j?
5
Let n(r) = r**3 - 8*r**2 + 3*r - 6. Let s be n(8). Suppose 0 = -2*j + s + 6. What is the tens digit of j?
1
Let r(x) = x**3 + x**2 - 1. Let a be r(2). Let l = -4 + a. What is the units digit of l?
7
Let g = 21 + -16. What is the units digit of g?
5
Suppose 5*z + 3*r - 78 = 0, -3*r - 88 = -4*z + r. What is the units digit of z/(-12)*8/(-3)?
4
Let q = 67 + -46. Suppose -5 = 2*s - q. What is the units digit of s?
8
Let k = -23 - -29. What is the units digit of k?
6
Let h = 8 + -4. Suppose 20 = h*x + 4*j, -11 = -3*x + 2*x - 4*j. What is the units digit of x?
3
Let t = 168 - 90. What is the units digit of t/21 + (-4)/(-14)?
4
Let o = -1 + 69. Let n = -27 + o. What is the units digit of n?
1
Suppose 4*p = 98 + 54. What is the tens digit of p?
3
Suppose 5*g + 5*z + 11 = -14, 9 = -g - 2*z. Let i = g + 9. What is the units digit of i?
8
What is the hundreds digit of ((-248)/(-3))/(58/261)?
3
Let u = 2 - -1. Suppose 10 = u*z - 29. What is the tens digit of z?
1
What is the hundreds digit of (-22)/(-4)*(6 - -20)?
1
Let a = -6 - -7. Let c(u) = 31*u - 1. Let d be c(a). Suppose -2*l + p = 0, -5*p + d = -l + 6*l. What is the units digit of l?
2
Let i(s) = s**2 + 2*s - 3. Suppose -30 = 5*d + j - 3*j, 6 = -4*d - 2*j. What is the units digit of i(d)?
5
Let n(h) = -4*h. Let q be n(-3). Suppose 2*w - 3*y = 2, 4*y = 5*w - 3*w - 4. What is the units digit of ((-6)/q)/(w/20)?
5
Let a(t) = 1. Let u(z) = -z - 12. Let b(v) = -5*a(v) - u(v). What is the units digit of b(-6)?
1
Let t be (20 - 13)*(-12)/(-14). Let q = 16 - 6. Let s = q - t. What is the units digit of s?
4
Suppose -74 = 3*l - 419. Let x = l + -79. What is the tens digit of x?
3
Let p(m) = m**2 + 3*m - 4. Suppose 3*u - 27 = 2*s + 3*s, -4*s = -u + 23. What is the tens digit of p(s)?
1
Let i(z) be the first derivative of z**4/4 + z**3 - 3*z**2/2 - 4*z + 6. What is the units digit of i(-3)?
5
Let o(l) = l**3 - 7*l**2 + 7*l - 5. Let u be ((-6)/(-4))/(-3)*2. Let z = u - -7. What is the units digit of o(z)?
1
Let s = -14 + 24. What is the tens digit of s?
1
Let i(v) = v + 10. Let s be i(-10). Suppose 4*a = -s*o + 5*o + 2, -a + 3*o - 3 = 0. Suppose 0 = -3*x + 3*c, a*x - 5*c + 1 = -1. What is the units digit of x?
1
Let u be 2/(-7) + 1348/14. Suppose -5*h = -h - u. Suppose i = -3*i + h. What is the units digit of i?
6
Let s = -1 + 0. Let t be s*2*(4 - 2). Let o = -1 - t. What is the units digit of o?
3
Suppose -2 = -2*l + 2. Suppose -l*t + 3*g + 34 = 0, 4*t + 2*g - 31 - 37 = 0. Suppose t = 5*d - 8. What is the units digit of d?
5
Let n(x) be the second derivative of 2*x**4/3 - x**3/3 + x**2/2 + 3*x. What is the units digit of n(1)?
7
Let g = 174 - 111. What is the units digit of g?
3
Let g = -52 + 36. Let q = g + 23. What is the units digit of q?
7
Let y be (-6)/9 + 10/6. Let f be (-3)/y + 29 + -1. Suppose -2*w = 3*w - f. What is the units digit of w?
5
Let v(p) = -2*p + 4. Let j be v(-4). Suppose 0 = w + 5*c - 6 - 0, 0 = -2*w + 5*c + j. What is the units digit of w?
6
Let k = 32 - 21. Let o = -3 + k. What is the units digit of o?
8
Suppose -x + 18 = 2*x. Let c be ((-2)/x)/(6/(-198)). Let j = 18 - c. What is the units digit of j?
7
Let z(d) = d**2 - 6*d + 7. Let t be z(5). Suppose 4*k - 8 = 0, -t*s - s = -2*k - 53. What is the units digit of s?
9
Suppose 5*r + 2*b = 86, -3*r - 6 = -3*b - 45. Suppose w - r = 2*o, -w = 4*o - 13 - 27. Let p = w - 16. What is the units digit of p?
8
Suppose 2*g + 16 = 4*g. What is the units digit of g?
8
Suppose y + 3*u + 66 = 2*y, 5*u = 3*y - 178. Let r = y - 31. Let d = r - 12. What is the units digit of d?
8
Let c(i) = -i**2 + 3*i + 2. Let t be (6/(-2))/(3/(-6)). Let m = -4 + t. What is the units digit of c(m)?
4
What is the tens digit of (-123)/(-9) - 4/6?
1
Let r(f) = 6*f**3 + 14*f**2 - 26*f. Let p be 2*11*(-1)/(-2). Let i(s) = s**3 + 3*s**2 - 5*s. Let d(q) = p*i(q) - 2*r(q). What is the units digit of d(2)?
6
Let o = 299 - 137. What is the hundreds digit of o?
1
Suppose -4*t = -84 - 44. What is the units digit of t?
2
Let v(c) = 14*c**3 + 4*c**2 + 1. Let q(t) = 5